(6/(-15))/((-13)/195). Let q(p) = p + 6. Determine q(m).
12
Let g(c) = c**2 - 2*c + 4. Suppose 2 = n - 4. Let a = n + -2. What is g(a)?
12
Suppose -17*a = 56 + 63. Let f(i) = -i**3 - 15*i**2 - 8*i - 10. Let v(n) = -n**3 - 14*n**2 - 8*n - 9. Let b(l) = 6*f(l) - 7*v(l). Give b(a).
-4
Let l be (-7)/1*(-4 - -5). Let z be (-6)/6*1*-4. Let i(m) = m**2 + z - 15*m + 34*m - 11*m. What is i(l)?
-3
Let n(k) = -k**2 + 6. Let p = 69 - 66. Let h(s) = -s**3 - 6*s**2 - 7*s - 7. Let j be h(-5). Suppose -d = l, p*l = -d + j*d. Give n(d).
6
Let a(j) = -j**3 + j**2 + 5. Suppose -5*g + 0 + 2 = 4*t, 4*t - 8 = -2*g. Suppose s = t*s. Determine a(s).
5
Let o(p) = 9*p + 3. Let k be (34/(-48) + (-27)/(-72))*-15. Determine o(k).
48
Let u(h) = 0*h + 0 + 4 + 2*h. Suppose 4*a = 3*c - 4*c + 29, -9 = -3*a - 5*c. Let r be a*(2 - (-5)/(-2)). Determine u(r).
-4
Let q = 151 + -146. Let l(c) = -5*c + 7. Let d(m) = 6*m - 8. Let f(x) = 6*d(x) + 7*l(x). Determine f(q).
6
Let f be 1 + (88 + 1 - (-36)/9). Let l(b) = -3 + 46*b - f*b + 4 + 46*b. Give l(-2).
5
Let a(i) = 3*i**2 + 7*i + 9. Let k(f) = -2*f**2 - 6*f - 8. Let c(n) = -3*a(n) - 4*k(n). Let b = 152 + -147. Give c(b).
-5
Suppose 15*b - 12*b + 171 = 0. Let v = b + 51. Let o(n) = n + 1. Give o(v).
-5
Let v(o) = -5*o**3 - 11*o**2 + 7*o - 12. Let r(b) = 9*b**3 + 21*b**2 - 14*b + 23. Let f(i) = -4*r(i) - 7*v(i). What is f(-8)?
0
Let q(p) be the third derivative of -p**5/60 + 3*p**4/8 - 3*p**3/2 + 104*p**2. What is q(7)?
5
Suppose -36*m + 35 = -31*m. Suppose m = 4*u + 43. Let x(g) = g**2 + 11*g. Calculate x(u).
-18
Suppose 107 + 881 = 76*d. Let o(h) = h**2 - 13*h - 3. What is o(d)?
-3
Let o = 49 - 51. Let v(g) = 4*g + g - 2*g. Give v(o).
-6
Let u(w) = -w**3 - 18*w**2 - 17*w + 4. Let z = -969 - -952. Give u(z).
4
Let q(s) = -s**3 - s**2 + 2*s + 1. Let d(f) = -3 - 14*f + 4*f**2 + 34*f - 14*f - 13*f + 3*f**3. Let y(x) = -d(x) - 2*q(x). What is y(-4)?
21
Let b = 114 - 314. Let n be (b/75)/(4/(-6)). Let x(z) = -z**3 + 5*z**2 - 2*z - 4. Calculate x(n).
4
Let i be 14/10 - 36/90. Let l(c) = -i - 29*c + 7*c + 6*c + 12*c. What is l(-2)?
7
Let v(a) = a + 1. Let u be (-5)/(3 - (1 - -1)). Let x = 7 + u. Suppose 2*q + x + 2 = 0. Calculate v(q).
-1
Let g(b) = 6*b. Let j = -31 - -46. Suppose j = 2*i + 19. Calculate g(i).
-12
Let m(k) = -k**3 + 7*k**2 - 9*k + 8. Let j be (4/10*5)/(-2) + 7. Give m(j).
-10
Let c(t) = -3 - 6*t + t**2 + 3*t + 4 - 2. Let m be c(4). Let q(i) = 0*i + i**3 - m*i**2 + 0*i - 2*i. Determine q(3).
-6
Let d(k) be the third derivative of 0 + 1/30*k**5 + 0*k**3 - 4*k**2 + 0*k + 1/24*k**4. Let y(z) = -z**2 + 10*z - 2. Let j be y(10). What is d(j)?
6
Let l(j) be the second derivative of j**6/180 - j**5/120 + 43*j**4/12 - 10*j - 1. Let a(o) be the third derivative of l(o). What is a(-5)?
-21
Let g(m) be the first derivative of -3*m + 6 + 1/6*m**3 - m**2. Let o(v) be the first derivative of g(v). What is o(-6)?
-8
Let y(q) = 12*q + 106 - 94 - 13*q. Give y(0).
12
Let c(h) = 99*h**3 - h**2 - 6*h + 7. Let r(k) = 49*k**3 - 2*k + 3. Let l(z) = -2*c(z) + 5*r(z). Calculate l(-1).
-46
Let n(v) = v**3 - 5*v**2 + 2*v - 6. Let q be (-250)/(-30) - 1/3. Suppose q*b - 4 = 7*b. What is n(b)?
-14
Let q(g) = 44*g - 8. Let h(r) = -15*r + 3. Let m(t) = -11*h(t) - 4*q(t). Suppose -1 = 2*c - 3*c. Calculate m(c).
-12
Suppose 123*r - 132*r = -45. Let v(b) = b**2 + b + 6. Determine v(r).
36
Suppose 0 = -0*l - 3*l. Let m(s) be the second derivative of 1/20*s**5 + s**2 + 15*s + 0*s**3 - 1/12*s**4 + 0. Give m(l).
2
Let r(k) = -14*k**3 - 7*k**3 + 1 + 0. Let o be (-22)/(-66)*0/1 - -1. Give r(o).
-20
Let c(x) = -x**2 - 3*x + 27. Suppose -15 + 35 = 5*s. Let h be c(s). Let v(p) = -6*p**3 - p**2. Determine v(h).
5
Let j(q) = 7*q + 11. Let h be j(-2). Let c be h + (27/12)/(6/16). Let b(k) = -k**3 + 5*k**2 - 3*k. Give b(c).
9
Let q(d) be the second derivative of -d**5/10 - d**4/6 + d**3/2 - d**2 + 2*d. Let s = 4031 - 4029. Give q(s).
-20
Let p(u) be the third derivative of u**6/120 - u**5/20 - 5*u**4/24 + 2*u**3/3 - 68*u**2. Calculate p(3).
-11
Let r(k) = 2*k**3 - 3*k**2 + 4*k - 2. Let g be (12/(-8))/(2/(-4)). Suppose 0 = -g*p - 1 + 7. Suppose p*b - 4 + 0 = 0. Calculate r(b).
10
Let i(f) = f**3 + 8*f**2 + 10*f + 6. Let d be i(-7). Suppose 0 = 58*c - 61*c - 9. Let y be c/(1 - d/(-6)). Let s(x) = -x**3 + 3*x**2 - 2*x - 1. Determine s(y).
-1
Suppose -9*r - 15*r = 46*r. Let l(u) be the first derivative of r*u + 1/2*u**2 + 1. What is l(5)?
5
Suppose 4 + 0 = -2*t. Let y(q) = -10*q - 8. Let r(c) = -c - 1. Let b be ((-7)/2 + 3)*2. Let s(a) = b*y(a) + 5*r(a). Give s(t).
-7
Suppose 0 = 4*t + t - 30. Let j(n) = -8 + 29*n**2 + n**3 + 28*n**2 - 4*n + 31*n**2 - 93*n**2. What is j(t)?
4
Let x(c) = -21*c. Suppose -2*o - 25 = -7*o. Let y(g) = 3*g + 6. Let s(n) = 3*n + 5. Let t(r) = o*y(r) - 6*s(r). Let h(v) = -27*t(v) + 4*x(v). Give h(3).
-9
Let q(n) = -n**3 - 11*n**2 - n - 2. Let w(k) = -2*k**2 - 34*k - 115. Let g be w(-4). Calculate q(g).
9
Let a(k) = -4*k + 9 + 3*k + 2. Let o(x) = 20 + 8*x**2 + x**3 - 8*x + 20*x + 3*x**2. Let t be o(-10). Determine a(t).
11
Suppose m = 3*z - 5, -17*z + 6 = -12*z - 4*m. Let c(u) = 4*u**3 - 2*u**2 - u - 2. Determine c(z).
20
Let z(q) = q - 10. Let d = -58 - -28. Let i = -23 - d. What is z(i)?
-3
Let l(x) = x + 11. Let o be (2/(-2))/((-1)/(-6)). Let r = o + 3. Let j be ((-14)/6)/((-1)/r). Give l(j).
4
Let d(n) = -n + 4. Let t(v) = 0 - 4*v - v**2 - 3 + 16*v. Let k be t(12). Let u = 0 - k. Give d(u).
1
Let y(k) = 8*k**2 + 17*k + k**3 - k**2 - 18*k. Give y(-7).
7
Let o = 46 + -36. Let b(l) = 15*l + 13*l - o - 29*l. What is b(-5)?
-5
Let i(d) = -d**2 + d - 1. Let v(o) = 3*o**2 - 10*o + 8. Let a(w) = -4*i(w) - v(w). Let y = -42 + 66. Suppose -3*g - y = -6. What is a(g)?
-4
Let k = 116 + -116. Suppose -8*s + k*s + 64 = 0. Let d(g) = -g**2 + 8*g - 5. What is d(s)?
-5
Let h(g) = -2*g**2 - 7*g + 7. Let o(q) = -3*q + 48*q**2 - 8*q - 51*q**2 + 11. Let x(b) = -8*h(b) + 5*o(b). Determine x(-3).
5
Let x be (14/6)/(1/3). Suppose 18 = -3*a + 4*r - 8, 0 = -4*a - 5*r - 45. Let y = a + x. Let g(l) = l**3 + 2*l**2 - l + 1. Calculate g(y).
-5
Let q(c) = -c**3 + 2*c**2 - c - 1. Let u(j) = -3*j**3 + 4*j**2 + 3*j + 2. Let s(r) = q(r) - u(r). What is s(-2)?
-19
Let v(w) be the third derivative of w**6/120 - w**5/12 - w**4/24 + w**3/6 - 10*w**2 + 1. Give v(6).
31
Let u = 10 + -14. Let k(z) = 60*z**2 + 31*z - 36. Let f(m) = -11*m**2 - 6*m + 7. Let s(h) = 11*f(h) + 2*k(h). What is s(u)?
5
Let l(n) = -n**3 - 3*n**2 - 2. Suppose 0 = 4*s - 0*s - 4*r + 16, -5*s - 16 = -r. Give l(s).
-2
Let x(k) be the first derivative of -k**3/3 - 3*k**2 - 2*k - 62. Give x(-4).
6
Let p be (-8)/(-2) + 0 + 1. Let w(u) = u**3 + 27*u**2 + 26*u + 2. Let x be w(-26). Suppose p*b + z = -x*z + 25, 5*b = 2*z. Let o(l) = 4*l - 2. What is o(b)?
6
Let n(v) = 6*v - 1. Let x be (3 - 2)*4 - 1. Let l be (x + (-61)/3)*3. Let m be 22/26 + (-8)/l. Give n(m).
5
Let y(j) = -4*j**3 - 2*j**2 + 8*j - 2. Let m be y(3). Let s be (-15)/13 + (-16)/m. Let h(o) = 12*o - 1. Give h(s).
-13
Let p = -572 - -575. Let d(f) be the first derivative of -8*f + 5/2*f**2 - 6 - 1/3*f**p. Give d(6).
-14
Let y(u) be the second derivative of -24 + 2*u**2 - 5/12*u**4 - 5/6*u**3 + 2*u + 1/20*u**5. Calculate y(5).
-21
Let p(o) = -15*o**3 + 11*o**2 - 8*o + 3. Let w(f) = -5*f**3 + 4*f**2 - 3*f + 1. Let t(d) = -4*p(d) + 11*w(d). Let h = 112 - 71. Let n = h - 42. Give t(n).
-5
Let z(l) = -l**2 + 2*l - 2. Let m(t) = 20*t - t**3 + 0*t**3 - 8 - t**2 - 6*t + 5*t**2. Let y be m(6). Determine z(y).
-10
Let o(q) = -23*q + 201. Let t be o(9). Let h(l) = -l - 5. Let w(z) = -z - 1. Let u(v) = h(v) + w(v). What is u(t)?
6
Let h(l) = -l**3 + 4*l**2 - 2*l. Suppose 4 - 44 = -10*k. Let p be 14/k - (-3)/6. What is h(p)?
-8
Let u(t) = t**2 - 2*t - 3. Let y = -40 - -44. Suppose 19 = y*n - r, 0 = -5*n - 7*r + 2*r + 5. Determine u(n).
5
Let n(u) = -u - 12 + 0*u - u + 9. What is n(-3)?
3
Let x(o) = -3*o + 486*o**3 + 4*o - 2*o**2 + 2 - 485*o**3. Suppose -2 = -2*v + 2. Give x(v).
4
Let z(a) be the second derivative of 3*a**5/20 + a**4/4 - a**3/2 + a**2 + 110*a. Determine z(2).
32
Let s(r) be the third derivative of 0*r + 0 - 6*r**2 + 0*r**3 - 1/8*r**4 + 11/60*r**5. Let h(p) = 7*p**2 - 2*p. Let o(u) = -8*h(u) + 5*s(u). What is o(-1)?
-2
Let u(p) = -3*p**2 - 7*p + 1. Let o(f